{"id":238540,"date":"2013-08-16T13:14:14","date_gmt":"2013-08-16T11:14:14","guid":{"rendered":"http:\/\/crazyslip.net\/neu\/?page_id=238540"},"modified":"2013-08-23T18:36:41","modified_gmt":"2013-08-23T16:36:41","slug":"slips-kaufen","status":"publish","type":"page","link":"https:\/\/crazyslip.net\/?page_id=238540","title":{"rendered":"Slips kaufen oder verkaufen"},"content":{"rendered":"<p><img loading=\"lazy\" decoding=\"async\" class=\"alignleft\" alt=\"\" src=\"https:\/\/crazyslip.net\/wp-content\/uploads\/2013\/08\/bild-slipsverkaufen.jpg\" width=\"407\" height=\"272\" \/>H\u00e4ufig bel\u00e4chelt und doch unerkannt leben Geruchsfetischisten unter uns. Ob Dein Nachbar, Dein Vorgesetzter oder aber der beste Freund auf weibliche Ger\u00fcche steht und in seiner Freizeit H\u00f6schen im Internet kauft und daran schn\u00fcffelt, wird Dir verborgen bleiben. Niemand redet \u00fcber diesen Fetisch, auf den man allein von der Ausstrahlung eines Menschen nicht schlie\u00dfen kann. Anders als bei Fetischen, die sich \u00fcber auffallende Kleidung, T\u00e4towierungen oder K\u00f6rperschmuck zeigen, bleibt der Geruchsfetisch unerkannt und wird nur im stillen K\u00e4mmerlein ausgelebt.<\/p>\n<p>&nbsp;<\/p>\n<p><strong>Wenn weibliche D\u00fcfte die Phantasie ankurbeln<\/strong><\/p>\n<p>Ein Geruchsfetischist wei\u00df in der Regel nicht einmal, welche \u00e4u\u00dferen Merkmale die Dame, an dessen H\u00f6schen er schn\u00fcffelt, besitzt. Anonym erwirbt er Slips im Internet und bittet darum, seinen Fetisch zu achten und tats\u00e4chlich nur gebrauchte und ungewaschene Slips anzubieten. Er ist fixiert auf den weiblichen Duft und bemerkt sofort, ob ein H\u00f6schen wirklich vor dem Versand getragen oder im Vorfeld gewaschen wurden.<\/p>\n<p>Du w\u00e4rst erstaunt, wenn Du w\u00fcsstest, welche Preise ein Geruchsfetischist, in der Umgangssprache auch Schn\u00fcffler genannt, f\u00fcr getragene H\u00f6schen zahlt und welcher mentale Wert ihm aus seinem Fetisch entsteht. Der Schn\u00fcffler kann sich ohne erkannt zu werden, hinter Dir im Supermarkt anstellen, Dir im Fitness Studio begegnen, oder Dir als Abteilungsleiter Deine t\u00e4glichen Aufgaben zuteilen. Wenn Du es w\u00fcsstest, w\u00fcrdest Du diesem Menschen dann anders gegen\u00fcbertreten und ihn gar als abartig und pervers bezeichnen?<\/p>\n<p>Der Schn\u00fcffler geht davon aus, warum er auch auf oberste Diskretion beharrt und nie mit jemandem \u00fcber seinen Fetisch sprechen w\u00fcrde. Allein durch den Geruch der H\u00f6schen, erlebt der Geruchsfetischist eine grenzenlose Erregung und spielt in seiner Phantasie ganz unterschiedliche Situationen durch. Sein Fetisch bezieht sich meist nicht auf die eigentliche Person, sondern nur auf deren Duft und somit auf den Geruch, den er aus dem H\u00f6schen aufnimmt und in seiner Phantasie zu einem Traum werden l\u00e4sst.<\/p>\n<p>&nbsp;<\/p>\n","protected":false},"excerpt":{"rendered":"<p>H\u00e4ufig bel\u00e4chelt und doch unerkannt leben Geruchsfetischisten unter uns. Ob Dein Nachbar, Dein Vorgesetzter oder aber der beste Freund auf weibliche Ger\u00fcche steht und in seiner Freizeit H\u00f6schen im Internet kauft und daran schn\u00fcffelt, wird Dir verborgen bleiben. Niemand redet \u00fcber diesen Fetisch, auf den man allein von der Ausstrahlung eines Menschen nicht schlie\u00dfen kann. [&hellip;]<\/p>\n","protected":false},"author":88437,"featured_media":0,"parent":0,"menu_order":0,"comment_status":"open","ping_status":"open","template":"","meta":{"footnotes":""},"class_list":["post-238540","page","type-page","status-publish","hentry"],"_links":{"self":[{"href":"https:\/\/crazyslip.net\/index.php?rest_route=\/wp\/v2\/pages\/238540"}],"collection":[{"href":"https:\/\/crazyslip.net\/index.php?rest_route=\/wp\/v2\/pages"}],"about":[{"href":"https:\/\/crazyslip.net\/index.php?rest_route=\/wp\/v2\/types\/page"}],"author":[{"embeddable":true,"href":"https:\/\/crazyslip.net\/index.php?rest_route=\/wp\/v2\/users\/88437"}],"replies":[{"embeddable":true,"href":"https:\/\/crazyslip.net\/index.php?rest_route=%2Fwp%2Fv2%2Fcomments&post=238540"}],"version-history":[{"count":15,"href":"https:\/\/crazyslip.net\/index.php?rest_route=\/wp\/v2\/pages\/238540\/revisions"}],"predecessor-version":[{"id":238761,"href":"https:\/\/crazyslip.net\/index.php?rest_route=\/wp\/v2\/pages\/238540\/revisions\/238761"}],"wp:attachment":[{"href":"https:\/\/crazyslip.net\/index.php?rest_route=%2Fwp%2Fv2%2Fmedia&parent=238540"}],"curies":[{"name":"wp","href":"https:\/\/api.w.org\/{rel}","templated":true}]}}